{"id":325,"date":"2017-07-15T18:57:29","date_gmt":"2017-07-15T16:57:29","guid":{"rendered":"http:\/\/www.lesilencedelariviere.fr\/?page_id=325"},"modified":"2025-12-17T17:34:41","modified_gmt":"2025-12-17T16:34:41","slug":"prix-disponibilites-et-reservations","status":"publish","type":"page","link":"https:\/\/lesilencedelariviere.fr\/index.php\/prix-disponibilites-et-reservations\/","title":{"rendered":"Tarifs 2026"},"content":{"rendered":"<p style=\"text-align: center;\"><span style=\"color: #3366ff;\"><em>Pour l&rsquo;<strong>OCCUPATION d&rsquo;UNE chambre en basse ou moyenne saison, r\u00e9duction sur les tarifs repris ci-dessous &#8211; prendre contact avec le propri\u00e9taire svp<\/strong><\/em><\/span><\/p>\n<p style=\"text-align: center;\"><span style=\"color: #3366ff;\"><em><strong>location \u00e0 partir de deux nuit\u00e9es en basse et moyenne saisons selon tableau des tarifs<\/strong><\/em><\/span><\/p>\n<p style=\"text-align: center;\"><span style=\"color: #3366ff;\"><em><strong>location du samedi au samedi en haute saison<\/strong><\/em><\/span><\/p>\n<p style=\"text-align: center;\"><h2 id=\"tablepress-1-name\" class=\"tablepress-table-name tablepress-table-name-id-1\">TARIFS<\/h2>\n\n<table id=\"tablepress-1\" class=\"tablepress tablepress-id-1\" aria-labelledby=\"tablepress-1-name\" aria-describedby=\"tablepress-1-description\">\n<thead>\n<tr class=\"row-1 odd\">\n\t<th class=\"column-1\">&nbsp;<\/th><th class=\"column-2\"><strong>Semaine<\/strong><br \/>\n<em>(sa au sa)<\/em><\/th><th colspan=\"2\" class=\"column-3\"><strong>Week-end*<\/strong><br \/>\n<em>(ve, sa, di)<\/em><\/th><th colspan=\"3\" class=\"column-5\"><strong>Mid-week*<\/strong><br \/>\n<em>(lu, ma, me, je)<\/em><\/th>\n<\/tr>\n<\/thead>\n<tbody class=\"row-hover\">\n<tr class=\"row-2 even\">\n\t<td class=\"column-1\">Nombre de nuit\u00e9es <\/td><td class=\"column-2\">7<\/td><td class=\"column-3\">2<\/td><td class=\"column-4\">3<\/td><td class=\"column-5\">2<\/td><td class=\"column-6\">3<\/td><td class=\"column-7\">4<\/td>\n<\/tr>\n<tr class=\"row-3 odd\">\n\t<td class=\"column-1\">Basse saison<br \/>\n20\/09 au 19\/12<br \/>\n<\/td><td class=\"column-2\">540\u20ac<\/td><td class=\"column-3\">290\u20ac<\/td><td class=\"column-4\">360\u20ac (410\u20ac\/4)<\/td><td class=\"column-5\">290\u20ac<\/td><td class=\"column-6\">360\u20ac<\/td><td class=\"column-7\">390\u20ac<\/td>\n<\/tr>\n<tr class=\"row-4 even\">\n\t<td class=\"column-1\">Moyenne saison<br \/>\n03\/04 au 04\/07<br \/>\n29\/08 au 20\/09<br \/>\nP\u00e2ques\/01 mai\/<br \/>\n08 mai\/Ascension\/ Pentec\u00f4te <\/td><td class=\"column-2\">590\u20ac<br \/>\n<br \/>\n<\/td><td class=\"column-3\">330\u20ac<br \/>\n<br \/>\n<br \/>\nminimum 3 nuit\u00e9es<\/td><td class=\"column-4\">410\u20ac (460\u20ac\/4)<br \/>\n<br \/>\n<\/td><td class=\"column-5\">310\u20ac<\/td><td class=\"column-6\">380\u20ac<\/td><td class=\"column-7\">420\u20ac<\/td>\n<\/tr>\n<tr class=\"row-5 odd\">\n\t<td class=\"column-1\">Haute saison<br \/>\n04\/07 au 11\/07<br \/>\n11\/07 au 22\/08<br \/>\n22\/08 au 29\/08<\/td><td class=\"column-2\"><br \/>\n760\u20ac<br \/>\n890\u20ac<br \/>\n760\u20ac<\/td><td class=\"column-3\"><\/td><td class=\"column-4\"><\/td><td class=\"column-5\"><\/td><td class=\"column-6\"><\/td><td class=\"column-7\"><\/td>\n<\/tr>\n<tr class=\"row-6 even\">\n\t<td class=\"column-1\">No\u00ebl <br \/>\n19 au 26\/12<br \/>\n<br \/>\nNouvel-an<br \/>\n26\/12 au 03\/01<\/td><td class=\"column-2\">720\u20ac<br \/>\n<br \/>\n<br \/>\n790\u20ac<br \/>\n<br \/>\n<br \/>\n<br \/>\n<\/td><td class=\"column-3\">minimum 3 nuits<br \/>\n<br \/>\n<br \/>\nminimum 3 nuits<\/td><td class=\"column-4\">480\u20ac (530\u20ac\/4)<br \/>\n<br \/>\n<br \/>\n510\u20ac (580\u20ac\/4)<\/td><td class=\"column-5\"><\/td><td class=\"column-6\"><\/td><td class=\"column-7\"><\/td>\n<\/tr>\n<\/tbody>\n<\/table>\n<span id=\"tablepress-1-description\" class=\"tablepress-table-description tablepress-table-description-id-1\"><\/span>\n<!-- #tablepress-1 from cache --><\/p>\n<p style=\"text-align: center;\"><span style=\"color: #0000ff;\"><em>\u00a0Arrhes <\/em>de <strong>3<\/strong><em><strong>0 % \u00e0 la r\u00e9servation <\/strong><\/em><\/span><\/p>\n<p style=\"text-align: center;\"><span style=\"color: #0000ff;\"><em>Une <strong>caution<\/strong> de <strong>30O euros \u00e0 l&rsquo;arriv\u00e9e<\/strong><\/em><\/span><\/p>\n<p style=\"text-align: center;\"><span style=\"color: #0000ff;\"><em><strong>Heure d&rsquo;arriv\u00e9e apr\u00e8s 17h &#8211; Heure de d\u00e9part avant 10h<\/strong><\/em><\/span><\/p>\n<p style=\"text-align: center;\"><span style=\"color: #0000ff;\"><em><strong>Paiement par carte bancaire et paiement par ch\u00e8que non accept\u00e9s<\/strong><\/em><\/span><\/p>\n<p style=\"text-align: left;\"><h2 id=\"tablepress-2-name\" class=\"tablepress-table-name tablepress-table-name-id-2\">Consommations<\/h2>\n\n<table id=\"tablepress-2\" class=\"tablepress tablepress-id-2\" aria-labelledby=\"tablepress-2-name\" aria-describedby=\"tablepress-2-description\">\n<tbody class=\"row-hover\">\n<tr class=\"row-1 odd\">\n\t<td class=\"column-1\"><\/td><td class=\"column-2\">Moyenne et haute saison<\/td><td class=\"column-3\">Basse saison<\/td>\n<\/tr>\n<tr class=\"row-2 even\">\n\t<td class=\"column-1\">Eau<\/td><td class=\"column-2\">Inclus<\/td><td class=\"column-3\">Inclus<\/td>\n<\/tr>\n<tr class=\"row-3 odd\">\n\t<td class=\"column-1\">\u00c9lectricit\u00e9\/chauffage<\/td><td class=\"column-2\">Inclus <\/td><td class=\"column-3\">10\u20ac\/nuit\u00e9e <\/td>\n<\/tr>\n<\/tbody>\n<\/table>\n<span id=\"tablepress-2-description\" class=\"tablepress-table-description tablepress-table-description-id-2\"><br \/>\nTAXE DE S\u00c9JOUR par nuit\u00e9e par adulte : \u00e0 charge de l'occupant<\/span>\n<!-- #tablepress-2 from cache --><\/p>\n<h2 id=\"tablepress-3-name\" class=\"tablepress-table-name tablepress-table-name-id-3\">Suppl\u00e9ments (ne sont valables que si ceux-ci ne sont pas pris par l'occupant except\u00e9 pour le nettoyage en basse saison qui est tarifi\u00e9)<\/h2>\n\n<table id=\"tablepress-3\" class=\"tablepress tablepress-id-3\" aria-labelledby=\"tablepress-3-name\" aria-describedby=\"tablepress-3-description\">\n<tbody class=\"row-hover\">\n<tr class=\"row-1 odd\">\n\t<td rowspan=\"3\" class=\"column-1\">Nettoyage<\/td><td class=\"column-2\">1 chambre <br \/>\nrez-de-chauss\u00e9e<\/td><td class=\"column-3\">30\u20ac<\/td>\n<\/tr>\n<tr class=\"row-2 even\">\n\t<td class=\"column-2\">2 chambres<\/td><td class=\"column-3\">40\u20ac<\/td>\n<\/tr>\n<tr class=\"row-3 odd\">\n\t<td class=\"column-2\">3\/4 chambres<\/td><td class=\"column-3\">50\u20ac<\/td>\n<\/tr>\n<tr class=\"row-4 even\">\n\t<td colspan=\"2\" class=\"column-1\">Draps de lit<\/td><td class=\"column-3\">9\u20ac\/lit (non repass\u00e9s)<br \/>\n<em>Oreillers et couettes sur place<\/em><\/td>\n<\/tr>\n<tr class=\"row-5 odd\">\n\t<td colspan=\"2\" class=\"column-1\">Drap de bain, essuie de toilette et gant de toilette<\/td><td class=\"column-3\">6\u20ac\/personne<\/td>\n<\/tr>\n<\/tbody>\n<\/table>\n<span id=\"tablepress-3-description\" class=\"tablepress-table-description tablepress-table-description-id-3\"><em><\/span>\n<!-- #tablepress-3 from cache -->\n<h3><span style=\"box-sizing: inherit; font-weight: bold;\"><span style=\"box-sizing: inherit; color: #0000ff;\">Commodit\u00e9s <\/span><\/span><em><span style=\"box-sizing: inherit;\"><span style=\"box-sizing: inherit; color: #0000ff;\">(comprises dans la r\u00e9servation)<\/span><\/span><\/em><span style=\"box-sizing: inherit; font-weight: bold;\"><span style=\"box-sizing: inherit; color: #0000ff;\">\u00a0<\/span><\/span><\/h3>\n<ul>\n<li style=\"box-sizing: inherit;\"><span style=\"box-sizing: inherit; color: #0000ff;\">Lit pour b\u00e9b\u00e9<em style=\"box-sizing: inherit;\">\u00a0et coussin \u00e0 langer dans la chambre parentale ainsi que chaise haute ;<\/em><\/span><\/li>\n<li style=\"box-sizing: inherit;\"><span style=\"box-sizing: inherit; color: #0000ff;\"><em style=\"box-sizing: inherit;\">Acc\u00e8s piscine (chauff\u00e9e du 13\/05 au 20\/09) et terrasse propri\u00e9taire ;<\/em><\/span><\/li>\n<li style=\"box-sizing: inherit;\"><span style=\"box-sizing: inherit; color: #0000ff;\">Animal dans le g\u00eete &#8211;\u00a0<em style=\"box-sizing: inherit;\">crit\u00e8res \u00a0\u00e0 convenir avec le propri\u00e9taire \u00a0;<\/em><\/span><\/li>\n<li style=\"box-sizing: inherit;\"><span style=\"box-sizing: inherit; color: #0000ff;\">Niche <\/span><span style=\"box-sizing: inherit; color: #0000ff;\"><em style=\"box-sizing: inherit;\">de 3x3m &#8211; nettoyage \u00e0 charge de l&rsquo;occupant ;<\/em><\/span><\/li>\n<li style=\"box-sizing: inherit;\"><span style=\"box-sizing: inherit; color: #0000ff;\"><em style=\"box-sizing: inherit;\">Portique avec 4 agr\u00e8s ;<\/em><\/span><\/li>\n<li style=\"box-sizing: inherit;\"><span style=\"box-sizing: inherit; color: #0000ff;\">Boules de p\u00e9tanque, m\u014dlkky, \u00a0filet de badminton avec 4 raquettes ;<\/span><\/li>\n<li style=\"box-sizing: inherit;\"><span style=\"box-sizing: inherit; color: #0000ff;\">Sous abri, table de ping-pong et baby-foot\/kicker pour adolescents (et, notamment, pour adultes)<\/span><\/li>\n<\/ul>\n","protected":false},"excerpt":{"rendered":"<p>Pour l&rsquo;OCCUPATION d&rsquo;UNE chambre en basse ou moyenne saison, r\u00e9duction sur les tarifs repris ci-dessous &#8211; prendre contact avec le propri\u00e9taire svp location \u00e0 partir de deux nuit\u00e9es en basse et moyenne saisons selon tableau des tarifs location du samedi au samedi en haute saison \u00a0Arrhes de 30 % \u00e0 la r\u00e9servation Une caution de &hellip; <\/p>\n<p class=\"link-more\"><a href=\"https:\/\/lesilencedelariviere.fr\/index.php\/prix-disponibilites-et-reservations\/\" class=\"more-link\">Continuer la lecture<span class=\"screen-reader-text\"> de &laquo;&nbsp;Tarifs 2026&nbsp;&raquo;<\/span><\/a><\/p>\n","protected":false},"author":1,"featured_media":0,"parent":0,"menu_order":0,"comment_status":"closed","ping_status":"closed","template":"","meta":[],"_links":{"self":[{"href":"https:\/\/lesilencedelariviere.fr\/index.php\/wp-json\/wp\/v2\/pages\/325"}],"collection":[{"href":"https:\/\/lesilencedelariviere.fr\/index.php\/wp-json\/wp\/v2\/pages"}],"about":[{"href":"https:\/\/lesilencedelariviere.fr\/index.php\/wp-json\/wp\/v2\/types\/page"}],"author":[{"embeddable":true,"href":"https:\/\/lesilencedelariviere.fr\/index.php\/wp-json\/wp\/v2\/users\/1"}],"replies":[{"embeddable":true,"href":"https:\/\/lesilencedelariviere.fr\/index.php\/wp-json\/wp\/v2\/comments?post=325"}],"version-history":[{"count":64,"href":"https:\/\/lesilencedelariviere.fr\/index.php\/wp-json\/wp\/v2\/pages\/325\/revisions"}],"predecessor-version":[{"id":1054,"href":"https:\/\/lesilencedelariviere.fr\/index.php\/wp-json\/wp\/v2\/pages\/325\/revisions\/1054"}],"wp:attachment":[{"href":"https:\/\/lesilencedelariviere.fr\/index.php\/wp-json\/wp\/v2\/media?parent=325"}],"curies":[{"name":"wp","href":"https:\/\/api.w.org\/{rel}","templated":true}]}}